e ten millions digit of 497462183?
9
What is the tens digit of 291558495?
9
What is the millions digit of 75212083?
5
What is the ten thousands digit of 1297965459?
6
What is the millions digit of 355148203?
5
What is the ten thousands digit of 5589773530?
7
What is the hundreds digit of 60159656?
6
What is the hundreds digit of 256838746?
7
What is the thousands digit of 1052417139?
7
What is the units digit of 6838416?
6
What is the ten thousands digit of 37049336?
4
What is the millions digit of 1200871003?
0
What is the thousands digit of 118325432?
5
What is the ten millions digit of 61251145?
6
What is the ten thousands digit of 951147891?
4
What is the millions digit of 274178011?
4
What is the hundreds digit of 3891980609?
6
What is the hundreds digit of 1094820810?
8
What is the ten millions digit of 25548915?
2
What is the hundreds digit of 362153123?
1
What is the ten millions digit of 14848970?
1
What is the ten thousands digit of 2568065666?
6
What is the units digit of 25781961?
1
What is the ten thousands digit of 79820145?
2
What is the ten millions digit of 343571396?
4
What is the units digit of 680925150?
0
What is the hundreds digit of 221760308?
3
What is the ten millions digit of 976221007?
7
What is the hundred millions digit of 1061293830?
0
What is the thousands digit of 12233316?
3
What is the hundreds digit of 872089138?
1
What is the ten millions digit of 116214311?
1
What is the ten millions digit of 68571440?
6
What is the hundred millions digit of 157398382?
1
What is the thousands digit of 1124370059?
0
What is the tens digit of 38806419?
1
What is the hundreds digit of 15284471?
4
What is the units digit of 514580?
0
What is the tens digit of 114183610?
1
What is the ten millions digit of 34149160?
3
What is the hundreds digit of 79026841?
8
What is the millions digit of 435499731?
5
What is the units digit of 54605034?
4
What is the hundreds digit of 90950284?
2
What is the ten thousands digit of 860411271?
1
What is the ten millions digit of 4916171829?
1
What is the hundred thousands digit of 2910220091?
2
What is the tens digit of 1630731217?
1
What is the ten thousands digit of 57685329?
8
What is the ten thousands digit of 2088099979?
9
What is the tens digit of 190281044?
4
What is the ten thousands digit of 91003042?
0
What is the units digit of 1403130980?
0
What is the ten millions digit of 519946928?
1
What is the hundreds digit of 454367192?
1
What is the millions digit of 513079703?
3
What is the thousands digit of 323733833?
3
What is the units digit of 50113947?
7
What is the thousands digit of 598826814?
6
What is the tens digit of 1857181374?
7
What is the millions digit of 543781114?
3
What is the hundreds digit of 260646501?
5
What is the ten thousands digit of 1187981863?
8
What is the thousands digit of 6673946925?
6
What is the hundreds digit of 20545434?
4
What is the thousands digit of 418446735?
6
What is the hundred thousands digit of 285605076?
6
What is the thousands digit of 1605620758?
0
What is the millions digit of 2299959394?
9
What is the tens digit of 11221821?
2
What is the millions digit of 423851724?
3
What is the thousands digit of 79440071?
0
What is the hundreds digit of 33155829?
8
What is the units digit of 829334905?
5
What is the millions digit of 43175537?
3
What is the units digit of 3796439800?
0
What is the millions digit of 286922360?
6
What is the thousands digit of 52690874?
0
What is the hundred thousands digit of 834537164?
5
What is the tens digit of 54794802?
0
What is the hundred millions digit of 135497474?
1
What is the hundred millions digit of 932454500?
9
What is the ten millions digit of 44486511?
4
What is the ten thousands digit of 514500619?
0
What is the ten thousands digit of 69630276?
3
What is the thousands digit of 6991375?
1
What is the units digit of 653464186?
6
What is the thousands digit of 3678641960?
1
What is the ten thousands digit of 53095051?
9
What is the hundreds digit of 161575401?
4
What is the ten thousands digit of 247837531?
3
What is the thousands digit of 20958610?
8
What is the hundred thousands digit of 1180405720?
4
What is the ten thousands digit of 76027535?
2
What is the units digit of 283746214?
4
What is the millions digit of 80580702?
0
What is the thousands digit of 742180736?
0
What is the millions digit of 62517293?
2
What is the units digit of 51260759?
9
What is the thousands digit of 101165805?
5
What is the millions digit of 192202312?
2
What is the hundreds digit of 59489044?
0
What is the thousands digit of 26346382?
6
What is the millions digit of 51937833?
1
What is the units digit of 125136686?
6
What is the units digit of 626517481?
1
What is the millions digit of 1990848328?
0
What is the ten thousands digit of 5061409578?
0
What is the ten millions digit of 1432398632?
3
What is the millions digit of 68779209?
8
What is the units digit of 2613514534?
4
What is the ten thousands digit of 630503764?
0
What is the thousands digit of 104586282?
6
What is the thousands digit of 3097412601?
2
What is the millions digit of 1037513157?
7
What is the millions digit of 405868181?
5
What is the hundreds digit of 38291071?
0
What is the ten thousands digit of 253955047?
5
What is the hundred millions digit of 141085242?
1
What is the billions digit of 1164260264?
1
What is the hundred thousands digit of 1055513416?
5
What is the units digit of 1063881434?
4
What is the units digit of 81855188?
8
What is the units digit of 437165273?
3
What is the ten millions digit of 299471954?
9
What is the hundreds digit of 9213516?
5
What is the hundred millions digit of 699368533?
6
What is the units digit of 49390390?
0
What is the hundred thousands digit of 1263468374?
4
What is the ten thousands digit of 34150697?
5
What is the millions digit of 5629521443?
9
What is the hundreds digit of 399820677?
6
What is the ten millions digit of 193075748?
9
What is the hundred thousands digit of 109070901?
0
What is the units digit of 54070876?
6
What is the hundreds digit of 2460812559?
5
What is the tens digit of 8664199?
9
What is the hundred thousands digit of 320176158?
1
What is the millions digit of 4676385546?
6
What is the units digit of 3060835755?
5
What is the hundreds digit of 17676560?
5
What is the hundred millions digit of 1648854316?
6
What is the hundreds digit of 2592044327?
3
What is the units digit of 364462929?
9
What is the millions digit of 1261319551?
1
What is the tens digit of 3576359730?
3
What is the units digit of 43304755?
5
What is the hundred thousands digit of 19403465?
4
What is the tens digit of 13881675?
7
What is the units digit of 234781506?
6
What is the millions digit of 167638372?
7
What is the ten millions digit of 2158431511?
5
What is the billions digit of 1882254506?
1
What is the units digit of 64497067?
7
What is the billions digit of 3104326235?
3
What is the millions digit of 35512917?
5
What is the ten millions digit of 659817647?
5
What is the billions digit of 3360426579?
3
What is the hundred millions digit of 270124223?
2
What is the units digit of 142465358?
8
What is the hundreds digit of 3253755906?
9
What is the millions digit of 670569223?
0
What is the hundreds digit of 884737131?
1
What is the hundred thousands digit of 15629918?
6
What is the hundred millions digit of 102916365?
1
What is the ten thousands digit of 64202628?
0
What is the hundred millions digit of 489601979?
4
What is the tens digit of 44734789?
8
What is the hundred millions digit of 186999790?
1
What is the ten thousands digit of 615199028?
9
What is the ten thousands digit of 36494787?
9
What is the units digit of 1044833751?
1
What is the ten millions digit of 76041015?
7
What is the hundred millions digit of 163350011?
1
What is the tens digit of 2355071604?
0
What is the millions digit of 204821611?
4
What is the ten millions digit of 321297447?
2
What is the thousands digit of 3639383818?
3
What is the ten millions digit of 19440709?
1
What is the units digit of 42673006?
6
What is the units digit of 5368374289?
9
What is the tens digit of 4042907987?
8
What is the hundred millions digit of 1008901385?
0
What is the hundred thousands digit of 33171248?
1
What is the hundred thousands digi